on factor of 917 and 262?
131
What is the greatest common factor of 42 and 4914?
42
Calculate the greatest common divisor of 3346 and 49.
7
What is the highest common divisor of 72 and 3824?
8
What is the highest common factor of 21 and 112?
7
Calculate the highest common divisor of 108 and 1566.
54
What is the greatest common factor of 89 and 8633?
89
What is the highest common factor of 110 and 5?
5
What is the greatest common divisor of 8 and 21272?
8
What is the greatest common divisor of 52 and 2483?
13
Calculate the highest common divisor of 832 and 320.
64
What is the greatest common factor of 21 and 567?
21
What is the greatest common factor of 17 and 17?
17
What is the greatest common factor of 2025 and 400?
25
What is the highest common factor of 1 and 16?
1
Calculate the greatest common divisor of 35 and 42.
7
What is the highest common factor of 162 and 90?
18
Calculate the highest common divisor of 32 and 5648.
16
Calculate the highest common factor of 84 and 36.
12
Calculate the greatest common divisor of 104 and 116.
4
Calculate the greatest common divisor of 1593 and 15.
3
What is the highest common factor of 128 and 5384?
8
Calculate the greatest common divisor of 4037 and 11.
11
What is the highest common factor of 10 and 75?
5
Calculate the greatest common divisor of 319 and 44.
11
Calculate the highest common divisor of 20 and 224.
4
What is the highest common factor of 5148 and 88?
44
What is the highest common divisor of 10 and 3610?
10
Calculate the highest common factor of 161 and 343.
7
What is the highest common factor of 418 and 38?
38
Calculate the highest common factor of 291 and 6.
3
What is the greatest common divisor of 152 and 2?
2
Calculate the greatest common factor of 295 and 40.
5
What is the highest common factor of 323 and 513?
19
Calculate the greatest common divisor of 2128 and 1672.
152
What is the highest common divisor of 36 and 198?
18
Calculate the greatest common factor of 209 and 19.
19
What is the highest common factor of 57 and 19?
19
What is the greatest common factor of 232 and 29?
29
What is the greatest common divisor of 54 and 414?
18
What is the greatest common factor of 475 and 325?
25
What is the highest common factor of 377 and 2171?
13
Calculate the greatest common factor of 6604 and 156.
52
What is the greatest common divisor of 1908 and 108?
36
Calculate the greatest common factor of 244 and 549.
61
What is the greatest common divisor of 1305 and 4640?
145
What is the highest common factor of 8892 and 76?
76
What is the highest common divisor of 12 and 5484?
12
Calculate the highest common divisor of 1161 and 81.
27
Calculate the greatest common factor of 1729 and 3952.
247
What is the greatest common factor of 627 and 1311?
57
Calculate the greatest common factor of 158 and 2.
2
What is the greatest common factor of 14750 and 250?
250
Calculate the highest common factor of 62 and 1674.
62
What is the greatest common divisor of 675 and 3?
3
What is the greatest common factor of 2743 and 39?
13
What is the highest common divisor of 27 and 1269?
27
Calculate the highest common divisor of 410 and 5125.
205
What is the highest common divisor of 86 and 2?
2
What is the greatest common factor of 27 and 171?
9
What is the highest common factor of 343 and 49?
49
Calculate the highest common divisor of 20 and 240.
20
What is the highest common factor of 123 and 3321?
123
Calculate the highest common divisor of 94 and 235.
47
Calculate the greatest common factor of 500 and 60.
20
Calculate the highest common factor of 660 and 1045.
55
Calculate the highest common factor of 60 and 260.
20
Calculate the greatest common divisor of 18 and 90.
18
What is the highest common divisor of 85 and 10?
5
What is the greatest common divisor of 16 and 72?
8
Calculate the greatest common factor of 66 and 6226.
22
Calculate the greatest common divisor of 435 and 165.
15
Calculate the greatest common divisor of 759 and 621.
69
Calculate the greatest common divisor of 459 and 68.
17
What is the greatest common factor of 180 and 612?
36
Calculate the highest common divisor of 300 and 228.
12
What is the greatest common factor of 24 and 80?
8
What is the highest common divisor of 132 and 484?
44
What is the highest common factor of 1404 and 104?
52
What is the highest common factor of 6255 and 278?
139
What is the greatest common factor of 187 and 3502?
17
Calculate the greatest common factor of 31 and 992.
31
Calculate the greatest common factor of 28 and 175.
7
Calculate the highest common divisor of 54 and 27.
27
What is the highest common factor of 46 and 1035?
23
Calculate the highest common factor of 5180 and 10.
10
What is the greatest common divisor of 13 and 6448?
13
What is the highest common factor of 2263 and 73?
73
Calculate the highest common factor of 12576 and 24.
24
What is the greatest common divisor of 7 and 553?
7
What is the greatest common divisor of 256 and 13440?
128
What is the greatest common divisor of 4675 and 561?
187
Calculate the greatest common factor of 1070 and 2782.
214
What is the greatest common factor of 522 and 54?
18
What is the greatest common divisor of 80 and 1580?
20
What is the greatest common divisor of 196 and 4?
4
What is the highest common divisor of 180 and 1180?
20
What is the greatest common factor of 123 and 410?
41
What is the highest common factor of 18 and 147?
3
What is the greatest common divisor of 10 and 4870?
10
Calculate the highest common divisor of 663 and 624.
39
Calculate the highest common factor of 3337 and 47.
47
What is the highest common factor of 49 and 21?
7
What is the greatest common divisor of 17 and 2992?
17
What is the greatest common divisor of 68 and 25738?
34
What is the greatest common factor of 5408 and 156?
52
Calculate the highest common factor of 783 and 232.
29
What is the greatest common divisor of 39501 and 19?
19
Calculate the highest common factor of 128 and 152.
8
What is the greatest common factor of 88 and 8?
8
What is the highest common factor of 14096 and 16?
16
What is the highest common factor of 152 and 4598?
38
Calculate the greatest common factor of 140 and 32.
4
Calculate the greatest common factor of 48 and 33816.
24
What is the highest common divisor of 54 and 24642?
18
What is the greatest common factor of 670 and 125?
5
What is the highest common divisor of 63 and 84?
21
Calculate the greatest common factor of 252 and 54.
18
Calculate the greatest common factor of 210 and 360.
30
Calculate the greatest common divisor of 4 and 22620.
4
What is the highest common factor of 18 and 1053?
9
What is the greatest common divisor of 24 and 584?
8
What is the highest common divisor of 24 and 972?
12
Calculate the greatest common factor of 2562 and 378.
42
What is the greatest common factor of 3706 and 1090?
218
Calculate the greatest common factor of 149 and 7599.
149
What is the greatest common divisor of 3 and 4845?
3
Calculate the greatest common divisor of 1675 and 75.
25
What is the highest common divisor of 378 and 81?
27
What is the highest common factor of 2375 and 19?
19
What is the highest common factor of 26 and 299?
13
Calculate the greatest common divisor of 2162 and 230.
46
Calculate the greatest common divisor of 938 and 28.
14
What is the greatest common divisor of 26 and 106?
2
Calculate the highest common factor of 64 and 74944.
64
What is the highest common factor of 400 and 48?
16
What is the greatest common factor of 1 and 233?
1
Calculate the greatest common divisor of 1769 and 122.
61
What is the greatest common factor of 16 and 16?
16
What is the highest common factor of 624 and 91?
13
Calculate the greatest common divisor of 713 and 621.
23
What is the greatest common factor of 32167 and 38?
19
What is the greatest common factor of 75 and 330?
15
What is the greatest common factor of 16 and 13304?
8
What is the highest common factor of 36 and 792?
36
Calculate the greatest common divisor of 220 and 7720.
20
Calculate the highest common factor of 8277 and 534.
267
What is the greatest common factor of 108 and 135?
27
What is the greatest common divisor of 2 and 31?
1
What is the highest common factor of 320 and 5?
5
What is the greatest common factor of 875 and 2250?
125
What is the greates